
13
Let t(k) = 2*k**2 + 23*k + 24. Calculate t(-10).
-6
Let j(s) = -s**3 + 4*s**2 - 6*s + 29. What is j(4)?
5
Let k(b) = b**2 - 2*b - 17. What is k(-7)?
46
Let r(n) = -n**2 + 58*n - 397. Determine r(8).
3
Let d(f) = -f**3 - 2*f**2 + 7*f + 11. Give d(-3).
-1
Let v(i) = 3*i**3 + 29*i**2 + 20*i + 16. What is v(-9)?
-2
Let j(y) = -47*y + 303. Determine j(6).
21
Let y(g) = -2*g**2 + 8*g + 42. Give y(-4).
-22
Let d(w) = w**3 - 4*w**2 + 5*w - 4. Calculate d(2).
-2
Let q(k) = k**2 - 12*k + 23. Calculate q(10).
3
Let o(w) = 2*w**2 - 4*w - 9. Calculate o(5).
21
Let r(f) = f**3 - 18*f**2 + 29*f + 43. Give r(16).
-5
Let h(g) = g - 5. What is h(0)?
-5
Let h(f) = f**3 + 5*f**2 + 9*f + 3. Give h(-4).
-17
Let y(m) = -22*m**3 + m. Calculate y(1).
-21
Let q(n) = -2*n + 10. Calculate q(-7).
24
Let a(k) = -k**2 - 34*k - 114. Calculate a(-30).
6
Let r(t) = -t - 1. What is r(-3)?
2
Let l(t) = t**3 - 10*t**2 + 7*t - 64. Give l(10).
6
Let k(g) = 2*g**3 - 17*g**2 + 8*g - 8. Give k(8).
-8
Let k(r) = -2*r**2 + 7*r - 17. Give k(5).
-32
Let s(c) = -c**2 - 10*c - 12. Determine s(-5).
13
Let x(b) = -3*b**2 - 39*b - 52. What is x(-12)?
-16
Let w(g) = -g**2 - 4*g - 12. What is w(-5)?
-17
Let x(v) = -19*v**2 - 32*v + 5. Give x(-2).
-7
Let g(s) = 12*s + 57. Give g(-5).
-3
Let q(y) = -2*y - 10. What is q(-17)?
24
Let g(k) = 2*k**2 - 16*k + 25. What is g(5)?
-5
Let i(d) = -2*d - 29. Calculate i(-16).
3
Let w(u) = u**3 - 7*u**2 - 3*u + 7. Give w(8).
47
Let a(b) = -b + 13. Give a(18).
-5
Let k(a) = -13*a - 2. Give k(-1).
11
Let g(j) = 5*j + 6. Determine g(-3).
-9
Let j(u) = -2*u**3 + 3*u**2 + 3. Determine j(3).
-24
Let p(o) = -o**3 - 8*o**2 + 12*o + 1. Calculate p(-9).
-26
Let d(u) = -u + 34. Determine d(0).
34
Let x(k) = k**3 - 4*k**2 - 9*k. Give x(6).
18
Let f(z) = -z**2 - 9*z + 4. Calculate f(-10).
-6
Let d(b) = -28*b - 251. Determine d(-9).
1
Let w(p) = -2*p + 24. Calculate w(12).
0
Let l(s) = 7*s - 16. What is l(-3)?
-37
Let x(a) = a**2 + 11*a + 9. Calculate x(-7).
-19
Let p(q) = q**3 + 77*q**2 - 76*q + 150. Calculate p(-78).
-6
Let z(h) = -22*h + 5. Calculate z(-2).
49
Let m(g) = g**3 - 21*g**2 + 52*g + 31. Determine m(18).
-5
Let q(l) = l**2 - 11*l + 16. What is q(10)?
6
Let c(y) = y**2 + 13*y - 168. Calculate c(-21).
0
Let m(w) = 2*w - 8. Give m(9).
10
Let d(i) = 3*i**3 - i**2 + 2*i + 4. What is d(3)?
82
Let q(m) = 15*m - 9. Calculate q(1).
6
Let h(n) = 2*n**3 + 75*n**2 - 33*n + 190. What is h(-38)?
0
Let n(r) = -4*r - 32. Give n(-9).
4
Let x(m) = -11*m - 1. What is x(-1)?
10
Let g(t) = -t**3 - 11*t**2 - 2*t - 13. Calculate g(-11).
9
Let z(c) = -c**2 + 4*c + 6. What is z(-3)?
-15
Let c(l) = l**3 - 10*l**2 - 12*l + 6. Give c(11).
-5
Let g(w) = -w + 34. Determine g(5).
29
Let g(l) = -l**3 - 3*l**2 + 4. Give g(-3).
4
Let v(s) = -3*s + 51. Determine v(6).
33
Let s(q) = -3*q**3 + 56*q**2 + 15*q + 18. What is s(19)?
-58
Let v(u) = -2*u + 37. Give v(19).
-1
Let u(k) = 2*k**3 - 19*k**2 + 9*k + 25. Determine u(9).
25
Let f(k) = -32*k + 4. What is f(2)?
-60
Let g(l) = 16*l - 475. Determine g(30).
5
Let s(u) = -29*u + 86. Calculate s(3).
-1
Let w(o) = -12*o - 90. Determine w(-7).
-6
Let d(g) = g**3 + 5*g**2 + g - 4. Determine d(-5).
-9
Let c(v) = v**2 - 12*v - 16. Calculate c(14).
12
Let x(c) = 6*c - 15. Give x(5).
15
Let w(l) = -6*l + 69. Determine w(10).
9
Let c(k) = k**3 + 6*k**2 + 4*k - 9. Give c(-5).
-4
Let q(n) = n**3 + n**2 + 3*n + 1. Give q(-2).
-9
Let p(u) = -u**3 - 6*u**2 + 2*u - 6. Calculate p(-7).
29
Let r(s) = -7*s + 15. What is r(8)?
-41
Let l(z) = -z**3 - 2*z**2 - 2*z. Calculate l(2).
-20
Let t(o) = -o**2 - 4*o + 18. Determine t(3).
-3
Let m(g) = -3*g**2 + 38*g - 18. Calculate m(13).
-31
Let t(u) = -13*u**2 + 19*u - 1. Give t(1).
5
Let r(q) = -3*q + 6. What is r(-6)?
24
Let y(p) = -2*p**3 - 9*p + 16. Calculate y(4).
-148
Let f(a) = a**3 + 5*a**2 - 2*a + 3. Determine f(-5).
13
Let y(m) = -m**3 + 9*m**2 - 2*m - 10. Determine y(5).
80
Let h(k) = -2*k + 31. What is h(12)?
7
Let m(q) = q**3 + 13*q**2 - 15*q - 17. Calculate m(-14).
-3
Let k(g) = -23*g**2 + 5*g + 7. Calculate k(-2).
-95
Let p(v) = 3*v - 131. Calculate p(0).
-131
Let c(a) = a**2 - 20*a - 8. Determine c(18).
-44
Let g(l) = -l**3 + 5*l - 9. Give g(2).
-7
Let i(f) = f. What is i(0)?
0
Let c(v) = 44*v + 1. Give c(-1).
-43
Let q(w) = -w**2 - 11*w + 64. Determine q(-15).
4
Let k(w) = w**3 - 8*w**2 + 9*w - 22. Determine k(7).
-8
Let l(h) = -h**2 + 12*h - 5. What is l(8)?
27
Let j(m) = -m**3 - m**2 + 10*m - 1. Give j(4).
-41
Let n(m) = -3*m + 9. What is n(-6)?
27
Let c(i) = 10*i + 45. Determine c(-5).
-5
Let x(z) = -z**2 - 2*z - 2. Give x(-7).
-37
Let r(l) = -6*l**3 - l**2 + 2*l + 1. Calculate r(-2).
41
Let p(u) = 17*u + 2. Give p(1).
19
Let r(i) = -3*i - 3. What is r(-1)?
0
Let n(d) = -d**3 + 5*d**2 - 2*d - 5. Determine n(3).
7
Let t(r) = -2*r**2 + 17*r - 53. What is t(3)?
-20
Let h(a) = -3*a**2 - 5*a + 7. Calculate h(-6).
-71
Let i(k) = -k**3 + 16*k**2 + 16*k - 20. Determine i(17).
-37
Let k(m) = m - 26. Determine k(10).
-16
Let g(c) = c**3 - 3*c**2 - 4*c - 3. Calculate g(-2).
-15
Let z(u) = -3*u + 8. Determine z(9).
-19
Let v(w) = -45*w + 9. Give v(4).
-171
Let x(h) = -5*h**2 + 21*h + 16. Determine x(5).
-4
Let p(u) = -8*u - 12. Give p(-8).
52
Let z(s) = -s**2 - 12*s - 10. What is z(-7)?
25
Let s(y) = -2*y**3 + 2*y**2 + 5*y + 4. Give s(-2).
18
Let j(f) = -3*f - 10. Determine j(-7).
11
Let r(g) = 16*g + 1. What is r(1)?
17
Let f(m) = 26*m + 1. Calculate f(-1).
-25
Let i(u) = 2*u**2 - 5*u - 4. Determine i(-3).
29
Let f(h) = -h**2 - 4*h - 6. Give f(-2).
-2
Let v(d) = d**3 + 5*d**2 + 16*d - 5. What is v(-4)?
-53
Let d(w) = -w**2 - 25*w + 142. What is d(-30)?
-8
Let y(w) = w**2 - 3*w - 1. What is y(2)?
-3
Let n(p) = -p**2 - 21*p - 14. What is n(-20)?
6
Let a(l) = -3*l - 11. What is a(-5)?
4
Let t(n) = -n**2 - 14*n - 40. Determine t(-7).
9
Let i(o) = -7*o - 57. Determine i(-11).
20
Let y(w) = 3*w + 46. Give y(-15).
1
Let f(y) = y**3 - 20*y**2 + 14*y + 105. What is f(19)?
10
Let z(a) = 13*a + 55. Give z(-8).
-49
Let a(f) = 9*f - 9. Give a(-5).
-54
Let t(f) = -f**3 - 27*f**2 - 151*f + 20. Give t(-19).
1
Let k(l) = -l**2 + l + 26. Give k(5).
6
Let l(t) = 3*t + 5. Give l(4).
17
Let d(r) = -2*r**2 + 3*r + 8. What is d(4)?
-12
Let k(c) = 21*c - 52. What is k(3)?
11
Let r(c) = 5*c - 40. Determine r(5).
-15
Let v(y) = -y**2 - 11*y + 1. Calculate v(-13).
-25
Let l(h) = -41*h**3 - h**2 + 2*h - 1. What is l(1)?
-41
Let h(t) = t**3 - 58*t**2 + 110*t + 109. Determine h(56).
-3
Let l(x) = x**2 + 5*x - 7. Give l(0).
-7
Let x(o) = 10*o - 1. Calculate x(3).
29
Let d(h) = 7*h - 31. Determine d(4).
-3
Let g(n) = 2*n + 59. Calculate g(-25).
9
Let g(w) = -w**2 - 17*w + 18. Give g(-18).
0
Let v(g) = g**2 - 6*g - 10. Determine v(6).
-10
Let n(x) = -x**2 - 35*x - 75. Determine n(-33).
-9
Let t(g) = -26*g. What is t(-1)?
26
Let x(p) = 4*p + 18. What is x(-4)?
2
Let x(a) = -a**3 + 5*a**2 - 3*a - 2. Determine x(4).
2
Let u(v) = -v**3 + 6*v**2 + 5*v - 2. Give u(6).
28
Let q(d) = -5*d**2 - 32*d - 29. Calculate q(-7).
-50
Let m(c) = -c**2 - c - 12. Determine m(-9).
-84
Let x(p) = 23*p - 3. What is x(1)?
20
Let q(z) = z**2 + 30*z + 137. Calculate q(-24).
-7
Let l(h) = 3*h**2 - 37*h + 10. What is l(12)?
-2
Let q(k) = 5*k + 28. Give q(0).
28
Let b(j) = j**2 + 4*j - 1. Determine b(-4).
-1
Let v(c) = -c + 1. Determine v(1).
0
Let l(w) = w**3 - 6*w**2 + 3*w + 7. Calculate l(5).
-3
Let g(r) = r**3 - 5*r**2 + 6*r - 6. Determine g(4).
2
Let h(t) = 479*t - 473. Give h(1).
6
Let x(f) = 22*f - 10. Give x(7).
144
Let s(z) = z**2 - 13*z + 2. Determine s(11).
-20
Let q(c) = c**3 + 11*c**2 + 10*c - 6. Give q(-10).
-6
Let z(q) = q**3 - 5*q**2 + 2*q - 6. Calculate z(4).
-14
Let a(j) = j**2 + 18*j + 16. Determine a(-13).
-49
Let v(f) = f**2 + 13*f + 15. Determine v(-11).
-7
Let v(p) = -p**3 - 3*p**2 + 10. Determine v(-3).
10
Let s(t) = 2*t + 23. Determine s(-13).
-3
Let f(t) = -3*t + 33. What is f(14)?
-9
Let i(a) = -43*a + 258. Calculate i(6).
0
Let t(y) = -y**3 - 6*y**2 - 7*y - 5. Determine t(-4).
-9
Let i(u) = -u - 9. Determine i(-2).
-7
Let h(u) = u**3 - 6*u**2 + 2*u - 6. Give h(7).
57
Let d(m) = -m**3 + 5*m**2 - m + 5. Determine d(4).
17
Let h(s) = -s**2 - 7*s - 10. Calculate h(-5).
0
Let s(u) = -u**3 - 26*u**2 - 27*u - 56. Give s(-25).
-6
Let l(i) = i**2 + 6*